{"id":11016,"date":"2020-12-28T16:19:00","date_gmt":"2020-12-28T15:19:00","guid":{"rendered":"https:\/\/www.frenchysushi.fr\/roq\/?post_type=product&#038;p=11016"},"modified":"2022-02-01T18:45:03","modified_gmt":"2022-02-01T17:45:03","slug":"dada-melon","status":"publish","type":"product","link":"https:\/\/www.frenchysushi.fr\/roq\/produit\/dada-melon\/","title":{"rendered":"Dada Melon"},"content":{"rendered":"","protected":false},"excerpt":{"rendered":"<p>33 cl<\/p>\n<p>Th\u00e9 glac\u00e9 p\u00e9tillant au go\u00fbt melon<\/p>\n","protected":false},"featured_media":11017,"template":"","meta":[],"product_cat":[61],"product_tag":[],"_links":{"self":[{"href":"https:\/\/www.frenchysushi.fr\/roq\/wp-json\/wp\/v2\/product\/11016"}],"collection":[{"href":"https:\/\/www.frenchysushi.fr\/roq\/wp-json\/wp\/v2\/product"}],"about":[{"href":"https:\/\/www.frenchysushi.fr\/roq\/wp-json\/wp\/v2\/types\/product"}],"wp:featuredmedia":[{"embeddable":true,"href":"https:\/\/www.frenchysushi.fr\/roq\/wp-json\/wp\/v2\/media\/11017"}],"wp:attachment":[{"href":"https:\/\/www.frenchysushi.fr\/roq\/wp-json\/wp\/v2\/media?parent=11016"}],"wp:term":[{"taxonomy":"product_cat","embeddable":true,"href":"https:\/\/www.frenchysushi.fr\/roq\/wp-json\/wp\/v2\/product_cat?post=11016"},{"taxonomy":"product_tag","embeddable":true,"href":"https:\/\/www.frenchysushi.fr\/roq\/wp-json\/wp\/v2\/product_tag?post=11016"}],"curies":[{"name":"wp","href":"https:\/\/api.w.org\/{rel}","templated":true}]}}